 - (-1)/(0 - -1). Determine s(f).
-5
Let b(m) = 3*m**3 + 2*m**2 - 1. Let r be b(1). Suppose k + 3 = a, r*k = -0*k + a - 3. Let i(s) = s + 1 + 0*s + k. Determine i(-1).
0
Suppose -15 - 5 = -4*u. Let o(g) = -g**2 + 1. Let w(f) = 2*f**2 + 6*f + 1. Let j(x) = -3*o(x) - w(x). What is j(u)?
-9
Let u(j) be the first derivative of -j**2 - 9*j + 1. Let i be 1*(-6)/12 + 22/(-4). Calculate u(i).
3
Let a(z) = 2*z**3 - z**2 - 2*z. Let s be a(2). Let c(x) = x**3 - 10*x**2 - 1 + s*x**2 - 2*x - 2*x + 0*x. Determine c(3).
-4
Suppose 2*u - u - 21 = 4*k, 0 = k - 5*u + 10. Let v(s) = -3*s**2 - 6*s + 3 - 2*s**2 + 4*s**2. Determine v(k).
8
Let a be (1 - 1) + (-1 - -2). Let l(q) = -4*q**3 + q**2 - 3*q + 3. Let c(g) = 1 + 0 - 2 - g**2 + 0*g**3 - g**3 + g. Let r(h) = -2*c(h) - l(h). Give r(a).
7
Suppose 0 = 4*i + 2*i. Let y(g) = -g**3 - g + 4. Determine y(i).
4
Let d(u) = 0*u - u + 0*u. Let j(b) = b - 1. Let i(h) = -6*d(h) - 5*j(h). Suppose 0 = 2*x + k + 12, -2*k = -5*x - 0*k - 12. What is i(x)?
1
Suppose -77 = -4*o - 69. Let l(y) be the third derivative of -1/2*y**3 + 0*y + 1/60*y**5 + 1/24*y**4 + 0 - o*y**2. Determine l(0).
-3
Suppose i - 8 + 1 = 0. Let o = i - 8. Let k(c) = -10*c + 1. Let m(u) = 29*u - 3. Let y(t) = -17*k(t) - 6*m(t). Determine y(o).
5
Let z(d) be the third derivative of d**6/120 - 3*d**5/20 - d**4/24 + 2*d**3/3 + 51*d**2. Calculate z(9).
-5
Let a = -2 + 4. Let q(z) = 5*z - 7. Let g(o) = 4*o - 6. Let y(i) = -6*g(i) + 5*q(i). What is y(a)?
3
Let b be (-3 - -2) + 7*1. Let v(a) = -a**3 - 2*a + 0 + 1 + a + b*a**2 + 6. Give v(6).
1
Let l(s) = 2*s + 5. Suppose 3*f = 4*f - 3*d + 8, -4*d + 2 = 3*f. Let x = -3 + f. What is l(x)?
-5
Let h(n) = 2*n**2 + 3*n + 3. Let z(s) = s + 4. Let p be z(0). Let i = p - 6. Determine h(i).
5
Let s(j) = j**3 - j**2 - j. Let o(b) = 3*b**3 + 4*b**2 - 3. Let l(g) = o(g) - 2*s(g). Determine l(-6).
-15
Let k(y) = y**2 + 8*y - 1. Let g be k(-8). Let q be 30/(-5) - (g - -1). Let p be 2 + 3/(q/(-4)). Let i(c) = -c**3 + 4*c**2 - 1. Determine i(p).
-1
Let o(f) = -f**2 + 5*f + 2. Let q be 1/3 + (-514)/(-6). Suppose -3*d + 2*t = -52, 5*d - 5*t + t - q = 0. Let s = -13 + d. Determine o(s).
2
Let k be 3/6*20*1. Let x = 5 - k. Let y(n) be the third derivative of n**5/60 + n**4/4 + 7*n**3/6 + 20*n**2. Determine y(x).
2
Let w(k) be the first derivative of -5*k**3/3 - k**2/2 + 2*k + 3. Determine w(-2).
-16
Let a = 0 + 0. Let x(s) = -4 + s**3 + a*s**3 + 1 - 3*s**2. Let b be -2*1 + -2 + 7. Give x(b).
-3
Suppose 17*s - 6 = 16*s. Let j(b) = b**3 - 6*b**2. Determine j(s).
0
Let d(l) be the third derivative of -7/24*l**4 + 0*l + 1/60*l**5 + l**3 + 0 - 3*l**2. Determine d(5).
-4
Suppose -9*w + 18*w + 54 = 0. Let x(d) = d - 2. Give x(w).
-8
Let w(v) = v**3 + 2*v**2 + 2. Let l be w(-2). Let m(r) be the third derivative of 1/3*r**3 + 1/12*r**4 - r**l + 0*r + 0. What is m(-3)?
-4
Let s = 87 + -90. Let o(r) = -2*r - 3. Determine o(s).
3
Let y be ((-18)/(-8))/(3/8). Suppose 5*b + y - 31 = 0. Suppose 0 = -m + b*m - 20. Let i(k) = k**3 - 5*k**2 - 1. Determine i(m).
-1
Let u(f) = f**3 + f**2 + f + 1. Suppose -4*r - 2*r = 0. What is u(r)?
1
Suppose -4*g = 5*i - 21, -3*i + 6*i - 12 = -3*g. Suppose 0*f = -4*f + 8. Let d(r) = -8*r**3 - r**3 - 2*r - 2*r**f - 1 + r**3. Calculate d(g).
7
Let h(s) = -7 - 6 - 1 + 2 + s. Suppose -5*b = -a - 0*b + 18, 15 = 4*a - b. Let f(c) = -3*c + 36. Let d(t) = a*f(t) + 8*h(t). Give d(5).
7
Suppose 1 - 5 = -2*r. Let t(w) = 4*w - w**2 + r - 1 + 2*w. Give t(5).
6
Let g(f) be the second derivative of f**6/360 + f**5/60 + 5*f**4/12 - f. Let s(h) be the third derivative of g(h). Calculate s(3).
8
Let w be 2*-1 - -1 - -1. Suppose -a - r = -w*r - 2, -4*a - 27 = -3*r. Let n(v) = 0 - v**3 + 0*v**2 - v - 1 - 3*v**2 - 1. Determine n(a).
1
Let t = -2 + 4. Let h(v) = -5*v**3 + 14*v**2 - 20*v + 26. Let p(o) = -o**3 + 3*o**2 - 4*o + 5. Let q(a) = 2*h(a) - 11*p(a). Give q(t).
-7
Let h(n) = -n - 9. Let d be h(-3). Let y(i) = -i - 6. What is y(d)?
0
Let h(w) = -w**3 - 3*w**2 + 4*w - 2. Let l be 3/(-2)*8/3. What is h(l)?
-2
Let q(o) = -o**3 + 6*o**2 + 8*o - 5. Let m(z) = z + 11. Let n be m(-4). Give q(n).
2
Let o(z) = -3*z**2 + 5*z - 1. Let n(q) = -q**2 + q. Let k(w) = -2*n(w) + o(w). Give k(2).
1
Let m(p) = -9 + 8 + p**2 + 6 - 5*p. Give m(4).
1
Let n(s) = s**2 + 3*s + 6. Let f be n(0). Let r(x) = -x**2 + 5*x - 6. Calculate r(f).
-12
Let s(f) = -f**2 + 2*f + 7. Let j(l) = -2*l**2 + 5*l + 13. Let k(u) = 2*j(u) - 5*s(u). Suppose -7*c = -9*c. What is k(c)?
-9
Let o(g) = -4*g + 4. Let u be (-8 + 2)/(-2 - 0). Calculate o(u).
-8
Let v(f) = -f**3 + 7*f**2 - 2*f + 5. Let d be v(7). Let p(r) = -r**2 - 8*r + 13. Give p(d).
4
Let m = 6 - 5. Let i(p) = -m + 3*p + 0 - 6 + 3. Give i(3).
5
Let c(z) be the third derivative of -z**5/60 - z**4/6 + z**3/2 + 5*z**2. Determine c(2).
-9
Let y(g) = -g**2 + 4. Let d(r) = r - 8 + 0*r + 4. Let a be d(3). Let w be (-3)/(-6) - a/(-2). Give y(w).
4
Let a(j) = j**2 - 5*j + 6. Let f be a(4). Let c = 8 - f. Let x(r) = -2*r. Determine x(c).
-12
Let z = 1 - -4. Let w(g) be the third derivative of -g**6/120 + g**5/10 - g**4/4 + g**3/2 - g**2 + 112. Determine w(z).
-2
Let w(x) = x**2 + 2*x - 5 + 5. Determine w(2).
8
Let g(c) = 0*c + 2 + 0*c - 6*c + c**2 - c. Determine g(6).
-4
Let q be 4/2 - (-5 + 1 + 3). Let r(a) be the first derivative of -3/2*a**4 + 0*a + 0*a**3 + 0*a**2 + q. Calculate r(-1).
6
Let h(r) = -r**3 - r**2. Let g(p) = -5*p**3 - 14*p**2 - p - 2. Let c(i) = -g(i) + 6*h(i). Determine c(8).
10
Let w(u) be the second derivative of -u + 0 + 1/3*u**3 - u**2. Let r be ((-2)/(-5))/(4/20). Give w(r).
2
Let l(d) be the first derivative of d**5/20 - d**4/3 + d**3/6 - d**2/2 - 2*d - 7. Let k(t) be the first derivative of l(t). Let h = 0 - -4. What is k(h)?
3
Let p(s) be the third derivative of -s**4/12 + 2*s**3/3 + 6*s**2. Suppose -6 = 5*r - 31. Determine p(r).
-6
Let v(p) be the third derivative of -p**5/60 - 5*p**4/24 - p**3/6 + 3*p**2. Calculate v(-5).
-1
Suppose -4*x - 5*c = -2*c + 41, 0 = -5*x - 3*c - 49. Let j = 10 + x. Let y(r) = 32*r**j + 1 - 26*r**2 + 5*r - 4*r. Calculate y(-1).
6
Suppose -9*p + 11*p + 5*r - 5 = 0, 4*p = -5*r + 5. Let q(z) = -5*z**2 + 6*z + 3. Let k(x) = -14*x**2 + 17*x + 9. Let u(b) = 6*k(b) - 17*q(b). Calculate u(p).
3
Let l(z) be the third derivative of z**6/120 - z**5/12 + z**4/24 - 2*z**3/3 - 4*z**2. Suppose 4*t - 6 - 14 = 0. Give l(t).
1
Let b(s) = -s**2 - s. Suppose z + 6 = 3. Calculate b(z).
-6
Let r(z) = z**2 + 2*z - 3. Let a be 10/(-4)*18/15. Let i be ((-1)/a)/((-1)/9). Give r(i).
0
Let v(k) be the third derivative of k**5/60 + 5*k**4/12 + 11*k**3/6 - 2*k**2 - 3. Calculate v(-10).
11
Let a(y) be the second derivative of y**5/20 + y**4/2 - y**3/3 - 3*y**2/2 + y. Determine a(-6).
9
Let u(h) = h. Suppose 9 = 3*v - 0*v. Suppose -3*o + 0*o + 15 = 0, 4*c = v*o - 67. Let b be c/5 + 2/(-5). Calculate u(b).
-3
Let q = 341/120 - 14/5. Let b(g) be the third derivative of 0 + g**2 + g**3 - q*g**4 + 0*g. What is b(4)?
2
Let p(j) = 7*j + 2. Let v(w) = 4*w + 1. Let z(t) = 6*p(t) - 10*v(t). Let o(a) = a + a - 2 - 4*a**2 + a**3 + 0. Let x be o(3). What is z(x)?
-8
Let b(s) = -s**2 - 3*s + 2. Let u be b(-3). Suppose 0 = x - u - 3. Let f(d) = -d + 6. Give f(x).
1
Let d be (-1)/(-1) - 2 - 2. Let z(f) = -5*f**2 + 4*f + 4. Let l(t) = 4*t**2 - 3*t - 4. Let s(c) = -4*l(c) - 3*z(c). What is s(d)?
-5
Let k(a) = -3*a**2 - a + 2. Let m(x) = x + 5. Let c be m(-7). Determine k(c).
-8
Let m(u) = -u**2 + u + 2. Let l = -14 + 19. Suppose 9 + 1 = l*s. Give m(s).
0
Let d(q) = q**2 - 4*q - 1. Let a be d(5). Suppose 0 = -a*s + 1 + 7. Let z(l) be the second derivative of -l**3/2 + l**2/2 - l. Give z(s).
-5
Suppose -3*n + 3*x - 2*x = 8, -3*n - x - 10 = 0. Let z(a) = -3*a - 1. Let c be z(-1). Let m(k) = -2*k - k + c*k. Give m(n).
3
Suppose 3 = 5*b - 2. Let i(r) = -r + 2 - 2*r - b. Give i(2).
-5
Let f(u) be the first derivative of u**3/3 - 2*u**2 + 2. Let x be (-10)/2 + 1/1. Let z(r) = r**3 + 4*r**2 - r - 1. Let o be z(x). What is f(o)?
-3
Let a(u) = -7*u**2 + 3*u + 5. Let b(t) = 6*t**2 - 3*t - 4. Let w(v) = -5*a(v) - 6*b(v). Suppose 3*s - 4 = 4*g, -3*g - 9 = -5*s + 5. Calculate w(s).
-5
Let c(j) = -j + 1. Let g(t) = -t**2 - 11*t - 3. Let x(h) = -3*c(h) + g(h). What is x(-7)?
1
Let p(z) = z**3 + 5*z**2 + 3*z - 1. Let x(m) = -m**3 - 2*